v + 13, 0 = -2*x + 8. Let c be (18/21)/(v/(-441)). What is the highest common factor of c and 144?
18
Suppose 84*a - 93*a + 468 = 0. Calculate the highest common divisor of a and 252.
4
Let b be (-16 + 17)/(1/52). Suppose 5*l - r = 8*l - 159, -r = 3. Suppose -b*g + l = -49*g. Calculate the highest common factor of 162 and g.
18
Let u = -154 + 218. Suppose 0 = 60*b - u*b + 12. Let x = b - -15. What is the greatest common factor of 6 and x?
6
Let x = -3175 - -4987. Calculate the highest common divisor of x and 36.
12
Let u be (-6 - 1)/(2/10). Let d = u - -49. Let o = 3405 + -3251. Calculate the highest common divisor of d and o.
14
Suppose 0 = -5*z + 7*g - 12*g + 1075, -3*z + 649 = -g. Calculate the highest common divisor of z and 2052.
108
Let z = -12 - -28. Let n be 320/(-48)*((-9)/(-3) - 33). Calculate the greatest common divisor of z and n.
8
Suppose 870 = 203*h - 174*h. What is the greatest common factor of 9 and h?
3
Suppose -4*f - 7088 = -4*y, 290 - 3814 = -2*y - 3*f. Calculate the greatest common factor of 156 and y.
52
Suppose 2*b - g - 1 = 0, 2*b + 4*g = 5*b - 14. Let c(o) = -20*o - 20*o - 23*o + 52*o + 10. Let k be c(b). What is the highest common factor of 96 and k?
32
Let f = 2022 - 1801. Calculate the greatest common factor of 20111 and f.
221
Suppose -40*y = 5*o - 43*y - 69468, 3*y = 4*o - 55578. Calculate the greatest common factor of 30 and o.
30
Suppose -2758*w + 2740*w + 392472 = 0. Calculate the highest common divisor of w and 552.
276
Let u(p) = p - 538 - 11*p - 2*p**2 + 550. Let r be u(-6). Suppose r*d = -3*b + 5*d + 32, -5*b + 4*d = -36. What is the highest common factor of b and 16?
4
Suppose 4*p - 2*p + 5*y - 65 = 0, 135 = 4*p + 5*y. Let a = p + -44. Let m be 3*(-51)/a + -4. What is the greatest common factor of m and 104?
13
Suppose 34 = 2*m - 30. Suppose 0 = -6*y + 10 + m. Suppose 0 = 2*h + d - 23, -2 + y = -5*d. What is the highest common factor of h and 156?
12
Let i(j) = -7*j**2 + 5*j + 3 - 1 + j**3 - 6. Let o be i(8). Suppose 4*f - 43 = 37. What is the highest common factor of f and o?
20
Suppose 3*n - 133*n + 23400 = 0. What is the highest common divisor of 80 and n?
20
Let t(f) = f**3 - 9*f**2 - 5*f + 10. Let c be t(10). Let d = -56 + c. Suppose 0*y + 4*y - 16 = 0. Calculate the highest common factor of y and d.
4
Suppose 2*o - 5*b + 17 = 3*o, -25 = -5*o - 5*b. Suppose 3*r - c - 80 = -3*c, -o*c = 5*r - 132. Calculate the greatest common divisor of r and 26.
26
Suppose 7*t - 5*o = -5*t + 1402, 4*t - 454 = -5*o. Calculate the highest common factor of t and 4756.
116
Let k = -554 + 802. Let r be 3*(-96)/108 + 313 - 1/3. What is the highest common factor of r and k?
62
Let s be (-700)/150*(-24)/14. Calculate the greatest common divisor of s and 4408.
8
Suppose 68*y - 65*y - 6806 = 4*a, -3*y + a = -6791. What is the greatest common factor of 65 and y?
13
Suppose 34 = -2*u + 4*u. Suppose z + 1224 = 7*z + 2*z. What is the greatest common divisor of z and u?
17
Suppose -34 = -7*v + 6*v + 4*r, 2*r = -5*v + 82. Suppose -12 = -3*a + v. Suppose l - 240 = -2*l. Calculate the greatest common factor of l and a.
10
Suppose -375*m - 14307 = -394*m. What is the highest common divisor of 2 and m?
1
Let s(w) be the second derivative of -7*w**3/2 - 30*w**2 + 4*w - 22. Let r be s(-14). Calculate the highest common factor of 54 and r.
18
Suppose -8*y + 1110 = -1554. What is the highest common factor of 296 and y?
37
Let t = -2887 + 6012. Calculate the greatest common divisor of 5 and t.
5
Suppose 3*d + j - 263 = 0, 0*j - 3*j + 6 = 0. Let g be (d/145)/(2/910). Calculate the greatest common factor of g and 78.
39
Suppose -4*x + 5*n = x + 20, -n = 5*x - 10. Let a be (-1 + -2 + x)/((-4)/10). Suppose -a*j = -2*j - 6. What is the highest common divisor of 14 and j?
2
Let x be 24/(495/35 - 14). What is the greatest common factor of 120 and x?
24
Let u be 18*10/40*342. Suppose 9*i - 351 = u. What is the greatest common factor of 35 and i?
35
Let g be 88/(-33)*(-20 - 6/(-3)). What is the greatest common divisor of 1520 and g?
16
Let x = 13081 + -4628. Calculate the highest common divisor of 79 and x.
79
Suppose 6*o + 161 = 500 + 99. What is the highest common divisor of 7519 and o?
73
Let t = 38029 - 34934. Calculate the highest common factor of t and 15.
5
Suppose -2*h = -3*l + 2*l - 5449, 3*l = 2*h - 5451. What is the greatest common divisor of 60 and h?
12
Suppose -24*f + 43*f + 7*f - 75972 = 0. What is the highest common factor of 18 and f?
6
Let t = 633 + -477. Calculate the highest common factor of 48 and t.
12
Let w(u) be the third derivative of u**5/60 - 13*u**4/12 + 14*u**3 + 60*u**2. Let d be w(32). Calculate the highest common factor of 48 and d.
12
Let l be 0 + 1 + (5 - -137) - -2. Suppose 0 = -9*m + l + 170. What is the highest common factor of m and 7?
7
Let t be 5/30 - 13432/(-48). Suppose -5*s - 200 = -10*s. Calculate the highest common factor of s and t.
40
Let a be (1/(-1))/(12/(-24))*651/42. Calculate the highest common factor of 12059 and a.
31
Suppose 5*l = 2*b + 27, -40*b + 38*b + 23 = 5*l. Let u be (60 - -35) + (-3 + -2)*b. Calculate the greatest common divisor of u and 40.
20
Let f(p) = p**2 + 1. Let j be f(-1). Suppose j*u - 356 - 62 = 0. What is the greatest common factor of u and 57?
19
Suppose -2*s + 134 + 466 = 0. Let u = s - 174. What is the highest common divisor of 72 and u?
18
Let h = -22 + 26. Suppose -h*n - 3 + 39 = 0. Suppose n*v - 126 = 2*v. What is the highest common divisor of v and 12?
6
Suppose -37 = 2*p - 29. Let r be 5/(-10) - 402/p. Suppose -k + 5*s + r = k, k = -5*s + 65. What is the highest common factor of 11 and k?
11
Suppose -7 - 11 = -2*g. Let q be ((-2 - 1)*-1)/(15/25). Suppose q*a + 360 = 10*a. Calculate the highest common divisor of g and a.
9
Suppose -2*n - m + 112 = 0, -2*n - 260*m + 257*m = -116. Suppose 617 - 12 = u. What is the greatest common factor of u and n?
55
Let b(d) = 15*d**2 + 8*d + 9. Let m be b(-4). Let n = m - -355. Calculate the greatest common factor of 52 and n.
52
Let y(r) = -3*r + 4. Let o be y(-7). Suppose 0 = 4*u - 6*k + 7*k - 586, 0 = -5*u + 2*k + 726. Let d = -46 + u. Calculate the greatest common divisor of d and o.
25
Let l be (10 - 3 - 10) + 45. Calculate the greatest common factor of l and 28.
14
Let v = -20 + 130. What is the greatest common divisor of 825 and v?
55
Suppose -3*i - f = -1158, 12*f - 364 = -i + 19*f. What is the greatest common factor of 154 and i?
77
Let n be ((-45)/6)/((-2)/4). Suppose 0 = n*m - 1099 + 244. Calculate the greatest common divisor of m and 38.
19
Let k(m) = -5*m + 67. Let r be k(13). Suppose -z - 3*s - 141 = -3*z, -r*z = -4*s - 138. Calculate the highest common factor of z and 75.
75
Let c = 2 - -19. Let o be (1 + (-85)/20)*-152. Let v = 725 - o. Calculate the highest common divisor of v and c.
21
Let p = 397 + -197. Let c(a) = -a**3 - 20*a**2 - 21*a - 13. Let j be c(-19). What is the greatest common divisor of j and p?
25
Let m(h) = h**2 + 38*h - 475. Let a be m(-49). What is the greatest common divisor of 568 and a?
8
Let n = 8 - 0. Suppose 5*v - 3*z = -4*z + 49, -2*z - 2 = 0. What is the greatest common divisor of n and v?
2
Let z(y) = 13*y**2 - 32*y + 3. Let p be z(3). Let v be 1659*8/p + -7. Calculate the greatest common factor of v and 28.
14
Let f(v) = -91*v - 1. Let a be f(-2). Let y = -118 + a. What is the greatest common divisor of y and 7?
7
Let a be 5/((-10)/45676)*(18 - (-777)/(-42)). Calculate the greatest common factor of 19 and a.
19
Let w(u) = -19*u**2 + 11*u - 1. Let g be w(1). Let o be (-1265)/69*g/5. Let c(d) = -4*d - 1. Let p be c(-1). Calculate the greatest common factor of p and o.
3
Let v be 2/9 + (-16)/((-1296)/5247) + -4. Calculate the highest common divisor of 976 and v.
61
Let p be -1*(2/(-6) + 40/(-60)). Let l be -1 + 7 - (-7)/p. What is the highest common divisor of 247 and l?
13
Let k = 3 - -6. Let t be ((-168)/(-35))/(1 - 52/60). Let d = k + t. What is the highest common divisor of 30 and d?
15
Let f be 966/20 + (-1 - 5)*(-6)/(-120). What is the highest common factor of f and 832?
16
Let k be (-36)/8*(1 - 3). Suppose -5*s - 7*s = -19200. Suppose 40*q - 920 = s. Calculate the greatest common factor of k and q.
9
Suppose 2*v = 5*g + 1, 2*g - 2*v - 2 = -6. Let j be 5/(-1) + 107 + 0. Let x be j/13 -